{"id":171,"date":"2025-01-16T14:45:18","date_gmt":"2025-01-16T13:45:18","guid":{"rendered":"https:\/\/www.stefaniemeerbott.de\/?page_id=171"},"modified":"2025-01-22T16:08:58","modified_gmt":"2025-01-22T15:08:58","slug":"stimmen","status":"publish","type":"page","link":"https:\/\/www.stefaniemeerbott.de\/index.php\/stimmen\/","title":{"rendered":"Stimmen von Zuh\u00f6rer:innen"},"content":{"rendered":"\n<p><\/p>\n\n\n\n<p><\/p>\n\n\n\n<blockquote class=\"wp-block-quote is-layout-flow wp-block-quote-is-layout-flow\">\n<p>Nochmals herzlichen Dank f\u00fcr Ihren tollen Vortrag!<\/p>\n\n\n\n<p>Es kamen so viele positive R\u00fcckmeldungen.<\/p>\n\n\n\n<p>Organisatorin aus Blaufelden, 2024<\/p>\n<\/blockquote>\n\n\n\n<div class=\"wp-block-group\"><div class=\"wp-block-group__inner-container is-layout-constrained wp-block-group-is-layout-constrained\">\n<p>Es hat mir gut gefallen und ich finde es tut immer gut solche Denkanst\u00f6\u00dfe zu bekommen und sich selbst reflektieren zu k\u00f6nnen, im Alltagsstress ist so oft keine Zeit und kein Kopf daf\u00fcr da.\u00a0<\/p>\n\n\n\n<p>Fand auch, dass die Rednerin sehr sympathisch war.<\/p>\n\n\n\n<p>Teilnehmerin aus Spaichingen, 2024<\/p>\n<\/div><\/div>\n\n\n\n<blockquote class=\"wp-block-quote is-layout-flow wp-block-quote-is-layout-flow\"><\/blockquote>\n\n\n\n<blockquote class=\"wp-block-quote is-layout-flow wp-block-quote-is-layout-flow\">\n<p>Tiefgr\u00fcndig, ermutigend, inspiriert und alltagsrelevant.<\/p>\n\n\n\n<p>Teilnehmerin, aus Ettlingen, 2022<\/p>\n<\/blockquote>\n\n\n\n<blockquote class=\"wp-block-quote is-layout-flow wp-block-quote-is-layout-flow\">\n<blockquote class=\"wp-block-quote is-style-default is-layout-flow wp-block-quote-is-layout-flow\">\n<div class=\"wp-block-group\"><div class=\"wp-block-group__inner-container is-layout-constrained wp-block-group-is-layout-constrained\">\n<p>Der Vortrag von Stefanie Meerbott hat mich inspiriert, weil Wut und Bitterkeit vorurteilsfrei als Reaktionen auf erfahrenes Leid aufgezeigt werden und gleichzeitig Hilfestellung zum Heilungsprozess gegeben wird. Dabei sind f\u00fcr mich &#8222;Aussch\u00fctten&#8220; und &#8222;Neu f\u00fcllen lassen&#8220; Schl\u00fcsselw\u00f6rter.<\/p>\n\n\n\n<p>Birgit, aus Ansbach, 2022<\/p>\n<\/div><\/div>\n<\/blockquote>\n\n\n\n<p>Der Vortrag von Stefanie Meerbott hat mir erneut bewusst gemacht, dass Leid zum Leben dazu geh\u00f6rt und dass die alles entscheidende Frage ist, wer an meiner Seite steht? Ist es die selbstgebaute Schutzmauer oder der vierte Mann mitten im Feuer?<\/p>\n\n\n\n<p>Waltraud, Ansbach, 2022<\/p>\n<\/blockquote>\n\n\n\n<blockquote class=\"wp-block-quote is-layout-flow wp-block-quote-is-layout-flow\">\n<p>Ich wurde wieder ganz neu ermutigt und gest\u00e4rkt. Danke f\u00fcr die Inspiration. <\/p>\n\n\n\n<p>Teilnehmerin, aus Oppenheim, 2019<\/p>\n<\/blockquote>\n\n\n\n<p><\/p>\n","protected":false},"excerpt":{"rendered":"<p>Nochmals herzlichen Dank f\u00fcr Ihren tollen Vortrag! Es kamen so viele positive R\u00fcckmeldungen. Organisatorin aus Blaufelden, 2024 Es hat mir gut gefallen und ich finde es tut immer gut solche Denkanst\u00f6\u00dfe zu bekommen und sich selbst reflektieren zu k\u00f6nnen, im Alltagsstress ist so oft keine Zeit und kein Kopf daf\u00fcr da.\u00a0 Fand auch, dass die &hellip; <\/p>\n<p class=\"link-more\"><a href=\"https:\/\/www.stefaniemeerbott.de\/index.php\/stimmen\/\" class=\"more-link\"><span class=\"screen-reader-text\">\u201eStimmen von Zuh\u00f6rer:innen\u201c<\/span> weiterlesen<\/a><\/p>\n","protected":false},"author":2,"featured_media":327,"parent":0,"menu_order":0,"comment_status":"closed","ping_status":"closed","template":"","meta":{"footnotes":""},"class_list":["post-171","page","type-page","status-publish","has-post-thumbnail","hentry"],"_links":{"self":[{"href":"https:\/\/www.stefaniemeerbott.de\/index.php\/wp-json\/wp\/v2\/pages\/171","targetHints":{"allow":["GET"]}}],"collection":[{"href":"https:\/\/www.stefaniemeerbott.de\/index.php\/wp-json\/wp\/v2\/pages"}],"about":[{"href":"https:\/\/www.stefaniemeerbott.de\/index.php\/wp-json\/wp\/v2\/types\/page"}],"author":[{"embeddable":true,"href":"https:\/\/www.stefaniemeerbott.de\/index.php\/wp-json\/wp\/v2\/users\/2"}],"replies":[{"embeddable":true,"href":"https:\/\/www.stefaniemeerbott.de\/index.php\/wp-json\/wp\/v2\/comments?post=171"}],"version-history":[{"count":6,"href":"https:\/\/www.stefaniemeerbott.de\/index.php\/wp-json\/wp\/v2\/pages\/171\/revisions"}],"predecessor-version":[{"id":201,"href":"https:\/\/www.stefaniemeerbott.de\/index.php\/wp-json\/wp\/v2\/pages\/171\/revisions\/201"}],"wp:featuredmedia":[{"embeddable":true,"href":"https:\/\/www.stefaniemeerbott.de\/index.php\/wp-json\/wp\/v2\/media\/327"}],"wp:attachment":[{"href":"https:\/\/www.stefaniemeerbott.de\/index.php\/wp-json\/wp\/v2\/media?parent=171"}],"curies":[{"name":"wp","href":"https:\/\/api.w.org\/{rel}","templated":true}]}}